culate (-54 - -164) + -118 + -2 + (0 - -39).
29
Calculate (0 - 2) + -27 + 18 - (30 + -29).
-12
What is the value of 56 + (24 + -2 - 120)?
-42
Evaluate 58 - 16 - 9 - (39 + -34).
28
Evaluate -110 + (-10 - (3 - 13)) + 8 + 0 + 3.
-99
What is the value of 33 + -2 + (14 - -5 - (-122 - -145))?
27
(0 - -7 - 0) + 1 - (113 + (133 - 291))
53
What is 1 + 38 + 5614 + -5698?
-45
What is the value of (30 - -6) + -61 + -3 + 92?
64
(75 + -46 - (0 + (14 - -1))) + 4
18
59 - (48 - (19 + 25))
55
(3 - 38) + (136 - 119 - 22)
-40
What is the value of 37 - (174 + -42 + -28) - (9 + 1)?
-77
(-5 - (-41 + 62)) + 1 + 104 + -11 + -2
66
Calculate (12 - 4) + -4 - (30 - (3 + -5)).
-28
Calculate 44 + -1 + (-311 - -304 - (-9 + 2)).
43
What is 47 - 43 - -24 - (7 - 4)?
25
What is the value of -15 - (-13 + 3 - -5) - (-498 + 539)?
-51
Calculate 44 - (-26 + 11 + (-8 - -4) + 11) - -1.
53
What is the value of -120 - -129 - ((20 - 0) + (-4 - (-3 + 1)))?
-9
What is the value of (-1 - -15) + (24 - (70 + -5 + -38))?
11
What is the value of -56 + 159 + 2 + 24 + 285 + -294?
120
Evaluate 64 - 25 - 26 - (13 - (8 + 1 + -4)).
5
Calculate -24 + -22 + (105 - 20).
39
Calculate (43 - (-21 + 13 + 15)) + -1.
35
-40 + (104 + -147 - -176)
93
-90 + (-3 - (-14 - (-1 - (13 - (5 - 14)))))
-102
Calculate 51 + -5 + 13 + -24.
35
Calculate (-57 - (37 + -71)) + -12.
-35
What is -18 + -59 + 183 + -60?
46
What is -30 + -18 + -2 + 230 + -190?
-10
Evaluate 0 + -16 + -2 + 20 - ((0 - -2) + 66).
-66
(2 - (-15 - -23) - (-16 - -16)) + 10
4
Calculate (0 - -26) + 15 + -39 - (-73 + 5 + 0).
70
What is the value of -2 - 1 - ((13 - (10 - 1)) + 7 + 6)?
-20
Calculate (-87 - (8 + 0 + -1 + (-8 - -8))) + 12.
-82
What is the value of (33 - 0) + (-62 - (-74 + 63))?
-18
What is 51 + (-27 - -8 - -14) - 175?
-129
Calculate 9 - 4 - (53 + (4 - 68)).
16
43 + -12 - 12 - 6 - 76
-63
Evaluate -70 - (-9 + 0 + -30).
-31
-119 - (14 + (-63 - 1) + 20)
-89
(-154 - -132) + (1 - 42) - -27
-36
What is -17 + -4 - (-4 + -30)?
13
What is the value of (-13 - (19 - -24)) + (7 + -9 - (-3 + 1))?
-56
What is -76 + 113 + 12 + -14?
35
What is -14 - (7 + 2 + -32 + (24 - 5))?
-10
What is (65 + -86 + 25 - (1 - -1)) + -17 + -34?
-49
What is (-47 - -137 - 93) + 93?
90
Calculate -95 - -51 - (6 - (-7 - -7) - 0).
-50
Evaluate 43 - (17 - ((60 - 10) + -29)).
47
Evaluate 2 - (3 - -1) - ((-5 - 7) + (-13 - -23)).
0
Evaluate (-12 - -53) + (7 - 11).
37
57 + 11 + (-19 + 8 - -9 - 7 - -1)
60
Calculate (-25 - 3) + 27 + -15 - -17.
1
What is (-3 + 1 - -42) + (50 + -105 - -39)?
24
(-13 - 3 - (-112 + 24)) + (-5 - -4)
71
1 - 7 - -34 - ((-14 - 1) + (-168 - -182))
29
What is the value of -63 - -60 - 38 - -21?
-20
What is the value of -128 - (-8 - (9 + (20 - 8) + (-17 - -3)))?
-113
What is -1 - 35 - (-144 - -123)?
-15
Evaluate -21 - (-10 - 17) - (-9 - -41 - -3).
-29
What is the value of (-40 - (2 + -1)) + (19 - (26 - -9))?
-57
What is the value of 2 - -35 - (1303 - 1320 - (0 - -1 - 26))?
29
What is the value of (-11 + 3 - 46) + (-12 + 40 - 18)?
-44
What is the value of -15 + 5 + -111 + -21 + 6 + 2 + 14?
-120
What is 4 + (-11 - -41) + 9?
43
What is the value of (-27 - -33) + -39 + 35 - 75?
-73
(62 - 60 - 53) + 46
-5
-36 + (79 - -35 - 51)
27
Evaluate (228 - 214) + 89 + -43.
60
What is the value of (18 + 104 + (9 - -6) - 8) + (2 - 6)?
125
-15 + (-5 + -30 + 102 - (-3 + -6 + -6))
67
-4 + (53 + -64 - (-2 - -9))
-22
Evaluate -95 + (67 - 56) - -14.
-70
What is (21 - (5 - -21 - -6)) + 4 - 112?
-119
Calculate (143 - 48 - 11) + -24.
60
Evaluate -78 + (17 - (-65 + 25)).
-21
Calculate 14 + (242 - 212 - (56 - -1)).
-13
What is the value of (7 - 6 - -3) + (-86 - (7 + -34))?
-55
What is the value of -57 + (-73 - 2) + (246 - 208)?
-94
What is 8 + -6 + 0 + -9 + -78 + 19?
-66
What is the value of 81 + (-130 - -99) + -47?
3
What is the value of (-2 - 34) + 496 + -467?
-7
What is -3453 + 3519 - ((8 - (-2 - -1)) + 0)?
57
Evaluate 131 + (-12 - 203) + 40.
-44
Calculate -20 + (-12 - (36 - 74)).
6
Evaluate (-4 + 8 - (2 + 3 + -9)) + (-386 - -428).
50
Calculate (-18 - 19 - (-108 - 76)) + -51.
96
(5112 - 5115) + 1 + -88 + 1
-89
Evaluate -92 + -1 + (-62 - -81).
-74
Calculate (63 - 32) + -28 - 4.
-1
Calculate 144 - 274 - -114 - (1 - -36).
-53
Evaluate -18 + (-19 - (-24 + 4) - -27).
10
What is 16 + (1 - (6 + (2 - -5) - (27 + 31)))?
62
Evaluate 26 - (-41 - -80 - -10).
-23
-57 + (16 + -1 + 2 - 12) + -20 + 11
-61
Evaluate -1 + -67 + (2 - 3) + -65 + 77.
-57
Calculate (-5 + -2 - (-1 + 4 - -26)) + -6.
-42
27 + (56 - (-73 + 186))
-30
-29 - -55 - (36 + -71)
61
Evaluate (34 - (13 + -37 + 23)) + -1.
34
Calculate 3 + -1 + -84 + 24 - (1 - (-3 - -10)).
-52
Evaluate -42 - -5 - -33 - 19.
-23
What is the value of (5 - (-18 + 5)) + -14 + 6?
10
(0 - 1) + (5 - 4) - (41 + (-33 - 18))
10
Calculate 37 - (-38 - -38 - (3 + (0 - (1 - 0)))).
39
What is the value of (614 - 611) + (-7 - 0) - 6?
-10
Calculate (19 - 23) + -54 - -106.
48
Evaluate -20 - (8 - (-7 + 50)) - -29.
44
What is 0 + -10 + 1 + (174 - (-122 - -310))?
-23
Calculate 186 - 61 - 113 - -88.
100
56 - ((60 + (60 - 112) - (0 - -34)) + 13)
69
What is the value of (-1 - (0 + -7)) + 34 + -100 + 110?
50
Evaluate -140 + 76 - (6 + -122).
52
-1 + -16 - (2 + -13 - -2 - -48)
-56
What is the value of 21 + 2 + (-3 - (-8 + 11 - 5 - -7))?
15
-14 + -36 + -2 + (-520 - -544)
-28
Calculate (-501 - -486 - (-5 + (1 - 4))) + (11 - 6).
-2
What is the value of 11 + 11 - (5 - ((1 - -15) + -11 - 1))?
21
Calculate 53 + (-76 - (-32 - 19)).
28
Evaluate 3 + 11 + -25 + 9 + 26.
24
What is the value of (3 - 24) + 54 + -38 - -22?
17
What is 41 + (-91 - -71 - 50)?
-29
What is -160 + 4 + 106 + -38?
-88
What is the value of -2 + 1 - (-15 + 21 + -37)?
30
What is 0 + -8 + (16 - -10 - 2)?
16
What is the value of 51 + -31 - (24 + (-18 - -3))?
11
What is 60 + -58 + 53 - (5 - 0)?
50
What is the value of 315 - 301 - (5 + -31)?
40
(18 - 58) + 33 + (6 - (-128 - 4))
131
(225 - 177) + 12 + (13 - -4)
77
What is -199 + 95 + 112 - (1 - 112)?
119
Evaluate -70 + -1 + (-655 - -660).
-66
What is the value of 50 - (-10 - (46 - 94))?
12
Evaluate 15 + -41 + 15 + (10 - 7) + 71.
63
What is the value of -82 + (43 - 9) + 32?
-16
What is the value of (0 - -3) + -4 - (-1315 - -1326)?
-12
-106 - (-13 + -192 - -80)
19
Calculate -19 - (-1 + -16 + (-4 + 2 - 68)).
68
-13424 + 13477 - (-1 - -20)
34
Calculate (-21 - (35 - 12)) + (11 - -6).
-27
What is (-19 - -4) + -13 + 91?
63
-5 + 0 + (-30 - (-33 - 24))
22
Evaluate -46 + 15 + -1 - -32 - 94.
-94
What is the value of -469 + 423 + (51 - -24)?
29
Calculate 13 - (7 + (4 - 5) - (12 - (0 - 5))).
24
What is the value of -131 - -181 - (74 + -9)?
-15
What is the value of -3 - (93 + -1) - (10 - (7 + (10 - 17)))?
-105
What is (58 - -37) + (161 - 144)?
112
What is 108 - (-373 + 385 + (3 - 1 - 11))?
105
What is the value of (-34 - -72) + -56 + 43 + 1?
26
What is the value of (37 - 36) + -22 - -12?
-9
(92 - -26) + 41 + -83 + 25
101
17 + -43 + 16 + 29 + 1
20
(-65 + 72 - 71) + -3
-67
30 + 96 + 6 - (45 - 20)
107
What is -43 + (-9 - -7) - (-8 - (-20 + 12))?
-45
Evaluate (-4 - -5 - (0 - 1)) + -19438 + 19441.
5
Evaluate -30 + 16 + -18 + (-9 - -129).
88
(217 - 209) + (-1 - (-2 - 0) - 16)
-7
What is 8 - (-87 + -1) - (-28 - (-11 - 12))?
101
Calculate (0 - 21) + (21 - (-6 + -49 + 23)).
32
Calculate 59 + 1 + (5039 - 5043).
56
Calculate -163 + 121 + -3 + -2 + 14.
-33
What is (-78 - -14) + (217 - 149)?
4
What is -3 - -8 - (-34 - (69 - 138))?
-30
Evaluate 119 - 44 - -114 - 128.
61
Evaluate -4 + 0 + 0 + 0 + -7 + -11719 + 11710.
-20
Calculate (2 - -11) + (70 - (38 - -28)).
17
What is the value of -15 + (-10 - -33) + 60 - 22?
46
What is the value of (26 - (271 + -74)) + 97?
-74
Calculate 0 + (-28 + 25 - -3 - (1 - -9)) - -26.
16
What is the value of 7 - (14 - (-51 - -32)) - 94?
-120
What is 1 - (41 + 0 + -4) - (238 - 251)?
-23
Calculate 29 + -96 - (-10 + -8).
-49
What is (-79 - -90 - -72) + 5 + -31?
57
(-17 - 18) + 61 - 57
-31
(-2175 + 2180 - (12 - (0 - -1))) + 2 + -21
-25
Evaluate (0 - 19) + -167 + -51 + 191.
-46
13 + 1 - (26 - (-14 - -27)) - 9
-8
Calculate 285 + -283 + -3 + 1.
0
What is (26 - 10) + 12 + -6 - 1?
21
Calculate (2 - 3) + (25 - (3 - -6)) - -11.
26
What is the value of 141 + -174 - (-48 + 8)?
7
What is -1 + 1 - (115 - (121 + 35))?
41
What is the value of (-43 - (-24 + -8)) + -51 - (-13 - 1)?
-48
Evaluate -2 + (-8 - (4